
{"id":3867,"date":"2022-07-04T07:57:41","date_gmt":"2022-07-04T07:57:41","guid":{"rendered":"https:\/\/somafel.com\/?post_type=projetos&#038;p=3867"},"modified":"2022-07-04T08:02:16","modified_gmt":"2022-07-04T08:02:16","slug":"modernisation-de-la-ligne-leste-section-elvas-fronteira","status":"publish","type":"projetos","link":"https:\/\/somafel.com\/fr\/projetos\/modernisation-de-la-ligne-leste-section-elvas-fronteira\/","title":{"rendered":"Modernisation de la Ligne Leste &#8211; Section Elvas\/Fronteira"},"content":{"rendered":"\n<iframe loading=\"lazy\" src=\"https:\/\/www.youtube.com\/embed\/ipoUANgXzQI\" allow=\"accelerometer; autoplay; encrypted-media; gyroscope; picture-in-picture\" allowfullscreen=\"\" width=\"100%\" height=\"540\" frameborder=\"0\"><\/iframe>\r\n\n<p><\/p>\n\n<h3 class=\"wp-block-heading\">D\u00e9tails du projet<\/h3>\n\n<p><\/p>\n\n<table class=\"wp-block-table\"><tbody><tr><td>D\u00e9but des travaux<\/td><td>2018<\/td><\/tr><tr><td>Client<\/td><td>Infraestruturas de Portugal, S.A.<\/td><\/tr><tr><td>Pays<\/td><td>Portugal<\/td><\/tr><tr><td>Lieu<\/td><td>Elvas<\/td><\/tr><\/tbody><\/table>\n\n<p><\/p>\n\n<h3 class=\"wp-block-heading\">Description<\/h3>\n\n<p><\/p>\n\n<p>Un ouvrage int\u00e9gr\u00e9 au plan de renouvellement du Corridor International Sud, qui visait \u00e0 renforcer la connexion ferroviaire des ports et des zones industrielles et urbaines situ\u00e9es dans le sud du Portugal vers l&rsquo;Espagne et le reste de l&rsquo;Europe.<\/p>\n\n<p>SOMAFEL est intervenu dans le renouvellement int\u00e9gral de la voie sur un tron\u00e7on de 9 km, en pleine voie. Ses travaux comprenaient la d\u00e9pose des voies existantes, la pose de voie nouvelle sur traverse monobloc et rail 60E1, le ballastage, bourrage m\u00e9canique lourde, stabilisation de la voie, soudage aluminothermique, et le meulage pr\u00e9ventif.<\/p>\n\n<p>A effectu\u00e9 \u00e9galement l&rsquo;\u00e9largissement de la gare d&rsquo;Elvas, sur un total de 6 km, permettant d\u00e9sormais le franchissement de trains de 750 m\u00e8tres.<\/p>\n\n<p><\/p>\n","protected":false},"featured_media":3906,"template":"","class_list":["post-3867","projetos","type-projetos","status-publish","has-post-thumbnail","hentry"],"acf":[],"yoast_head":"<!-- This site is optimized with the Yoast SEO plugin v26.8 - https:\/\/yoast.com\/product\/yoast-seo-wordpress\/ -->\n<title>Modernisation de la Ligne Leste - Section Elvas\/Fronteira - SOMAFEL<\/title>\n<meta name=\"robots\" content=\"index, follow, max-snippet:-1, max-image-preview:large, max-video-preview:-1\" \/>\n<link rel=\"canonical\" href=\"https:\/\/somafel.com\/fr\/projetos\/modernisation-de-la-ligne-leste-section-elvas-fronteira\/\" \/>\n<meta property=\"og:locale\" content=\"fr_FR\" \/>\n<meta property=\"og:type\" content=\"article\" \/>\n<meta property=\"og:title\" content=\"Modernisation de la Ligne Leste - Section Elvas\/Fronteira - SOMAFEL\" \/>\n<meta property=\"og:description\" content=\"D\u00e9tails du projet D\u00e9but des travaux 2018 Client Infraestruturas de Portugal, S.A. Pays Portugal Lieu Elvas Description Un ouvrage int\u00e9gr\u00e9 au plan de renouvellement du Corridor International Sud, qui visait \u00e0 renforcer la connexion ferroviaire des ports et des zones industrielles et urbaines situ\u00e9es dans le sud du Portugal vers l&rsquo;Espagne et le reste de [&hellip;]\" \/>\n<meta property=\"og:url\" content=\"https:\/\/somafel.com\/fr\/projetos\/modernisation-de-la-ligne-leste-section-elvas-fronteira\/\" \/>\n<meta property=\"og:site_name\" content=\"SOMAFEL\" \/>\n<meta property=\"article:modified_time\" content=\"2022-07-04T08:02:16+00:00\" \/>\n<meta property=\"og:image\" content=\"https:\/\/somafel.com\/wp-content\/uploads\/2020\/07\/linha-do-leste-play-1.jpg\" \/>\n\t<meta property=\"og:image:width\" content=\"1920\" \/>\n\t<meta property=\"og:image:height\" content=\"500\" \/>\n\t<meta property=\"og:image:type\" content=\"image\/jpeg\" \/>\n<meta name=\"twitter:card\" content=\"summary_large_image\" \/>\n<meta name=\"twitter:label1\" content=\"Dur\u00e9e de lecture estim\u00e9e\" \/>\n\t<meta name=\"twitter:data1\" content=\"1 minute\" \/>\n<script type=\"application\/ld+json\" class=\"yoast-schema-graph\">{\"@context\":\"https:\/\/schema.org\",\"@graph\":[{\"@type\":\"WebPage\",\"@id\":\"https:\/\/somafel.com\/fr\/projetos\/modernisation-de-la-ligne-leste-section-elvas-fronteira\/\",\"url\":\"https:\/\/somafel.com\/fr\/projetos\/modernisation-de-la-ligne-leste-section-elvas-fronteira\/\",\"name\":\"Modernisation de la Ligne Leste - Section Elvas\/Fronteira - SOMAFEL\",\"isPartOf\":{\"@id\":\"https:\/\/somafel.com\/fr\/#website\"},\"primaryImageOfPage\":{\"@id\":\"https:\/\/somafel.com\/fr\/projetos\/modernisation-de-la-ligne-leste-section-elvas-fronteira\/#primaryimage\"},\"image\":{\"@id\":\"https:\/\/somafel.com\/fr\/projetos\/modernisation-de-la-ligne-leste-section-elvas-fronteira\/#primaryimage\"},\"thumbnailUrl\":\"https:\/\/somafel.com\/wp-content\/uploads\/2020\/07\/linha-do-leste-play-1.jpg\",\"datePublished\":\"2022-07-04T07:57:41+00:00\",\"dateModified\":\"2022-07-04T08:02:16+00:00\",\"breadcrumb\":{\"@id\":\"https:\/\/somafel.com\/fr\/projetos\/modernisation-de-la-ligne-leste-section-elvas-fronteira\/#breadcrumb\"},\"inLanguage\":\"fr-FR\",\"potentialAction\":[{\"@type\":\"ReadAction\",\"target\":[\"https:\/\/somafel.com\/fr\/projetos\/modernisation-de-la-ligne-leste-section-elvas-fronteira\/\"]}]},{\"@type\":\"ImageObject\",\"inLanguage\":\"fr-FR\",\"@id\":\"https:\/\/somafel.com\/fr\/projetos\/modernisation-de-la-ligne-leste-section-elvas-fronteira\/#primaryimage\",\"url\":\"https:\/\/somafel.com\/wp-content\/uploads\/2020\/07\/linha-do-leste-play-1.jpg\",\"contentUrl\":\"https:\/\/somafel.com\/wp-content\/uploads\/2020\/07\/linha-do-leste-play-1.jpg\",\"width\":1920,\"height\":500},{\"@type\":\"BreadcrumbList\",\"@id\":\"https:\/\/somafel.com\/fr\/projetos\/modernisation-de-la-ligne-leste-section-elvas-fronteira\/#breadcrumb\",\"itemListElement\":[{\"@type\":\"ListItem\",\"position\":1,\"name\":\"In\u00edcio\",\"item\":\"https:\/\/somafel.com\/fr\/\"},{\"@type\":\"ListItem\",\"position\":2,\"name\":\"Projetos\",\"item\":\"https:\/\/somafel.com\/fr\/projetos\/\"},{\"@type\":\"ListItem\",\"position\":3,\"name\":\"Modernisation de la Ligne Leste &#8211; Section Elvas\/Fronteira\"}]},{\"@type\":\"WebSite\",\"@id\":\"https:\/\/somafel.com\/fr\/#website\",\"url\":\"https:\/\/somafel.com\/fr\/\",\"name\":\"SOMAFEL\",\"description\":\"Railway Works Experts\",\"potentialAction\":[{\"@type\":\"SearchAction\",\"target\":{\"@type\":\"EntryPoint\",\"urlTemplate\":\"https:\/\/somafel.com\/fr\/?s={search_term_string}\"},\"query-input\":{\"@type\":\"PropertyValueSpecification\",\"valueRequired\":true,\"valueName\":\"search_term_string\"}}],\"inLanguage\":\"fr-FR\"}]}<\/script>\n<!-- \/ Yoast SEO plugin. -->","yoast_head_json":{"title":"Modernisation de la Ligne Leste - Section Elvas\/Fronteira - SOMAFEL","robots":{"index":"index","follow":"follow","max-snippet":"max-snippet:-1","max-image-preview":"max-image-preview:large","max-video-preview":"max-video-preview:-1"},"canonical":"https:\/\/somafel.com\/fr\/projetos\/modernisation-de-la-ligne-leste-section-elvas-fronteira\/","og_locale":"fr_FR","og_type":"article","og_title":"Modernisation de la Ligne Leste - Section Elvas\/Fronteira - SOMAFEL","og_description":"D\u00e9tails du projet D\u00e9but des travaux 2018 Client Infraestruturas de Portugal, S.A. Pays Portugal Lieu Elvas Description Un ouvrage int\u00e9gr\u00e9 au plan de renouvellement du Corridor International Sud, qui visait \u00e0 renforcer la connexion ferroviaire des ports et des zones industrielles et urbaines situ\u00e9es dans le sud du Portugal vers l&rsquo;Espagne et le reste de [&hellip;]","og_url":"https:\/\/somafel.com\/fr\/projetos\/modernisation-de-la-ligne-leste-section-elvas-fronteira\/","og_site_name":"SOMAFEL","article_modified_time":"2022-07-04T08:02:16+00:00","og_image":[{"width":1920,"height":500,"url":"https:\/\/somafel.com\/wp-content\/uploads\/2020\/07\/linha-do-leste-play-1.jpg","type":"image\/jpeg"}],"twitter_card":"summary_large_image","twitter_misc":{"Dur\u00e9e de lecture estim\u00e9e":"1 minute"},"schema":{"@context":"https:\/\/schema.org","@graph":[{"@type":"WebPage","@id":"https:\/\/somafel.com\/fr\/projetos\/modernisation-de-la-ligne-leste-section-elvas-fronteira\/","url":"https:\/\/somafel.com\/fr\/projetos\/modernisation-de-la-ligne-leste-section-elvas-fronteira\/","name":"Modernisation de la Ligne Leste - Section Elvas\/Fronteira - SOMAFEL","isPartOf":{"@id":"https:\/\/somafel.com\/fr\/#website"},"primaryImageOfPage":{"@id":"https:\/\/somafel.com\/fr\/projetos\/modernisation-de-la-ligne-leste-section-elvas-fronteira\/#primaryimage"},"image":{"@id":"https:\/\/somafel.com\/fr\/projetos\/modernisation-de-la-ligne-leste-section-elvas-fronteira\/#primaryimage"},"thumbnailUrl":"https:\/\/somafel.com\/wp-content\/uploads\/2020\/07\/linha-do-leste-play-1.jpg","datePublished":"2022-07-04T07:57:41+00:00","dateModified":"2022-07-04T08:02:16+00:00","breadcrumb":{"@id":"https:\/\/somafel.com\/fr\/projetos\/modernisation-de-la-ligne-leste-section-elvas-fronteira\/#breadcrumb"},"inLanguage":"fr-FR","potentialAction":[{"@type":"ReadAction","target":["https:\/\/somafel.com\/fr\/projetos\/modernisation-de-la-ligne-leste-section-elvas-fronteira\/"]}]},{"@type":"ImageObject","inLanguage":"fr-FR","@id":"https:\/\/somafel.com\/fr\/projetos\/modernisation-de-la-ligne-leste-section-elvas-fronteira\/#primaryimage","url":"https:\/\/somafel.com\/wp-content\/uploads\/2020\/07\/linha-do-leste-play-1.jpg","contentUrl":"https:\/\/somafel.com\/wp-content\/uploads\/2020\/07\/linha-do-leste-play-1.jpg","width":1920,"height":500},{"@type":"BreadcrumbList","@id":"https:\/\/somafel.com\/fr\/projetos\/modernisation-de-la-ligne-leste-section-elvas-fronteira\/#breadcrumb","itemListElement":[{"@type":"ListItem","position":1,"name":"In\u00edcio","item":"https:\/\/somafel.com\/fr\/"},{"@type":"ListItem","position":2,"name":"Projetos","item":"https:\/\/somafel.com\/fr\/projetos\/"},{"@type":"ListItem","position":3,"name":"Modernisation de la Ligne Leste &#8211; Section Elvas\/Fronteira"}]},{"@type":"WebSite","@id":"https:\/\/somafel.com\/fr\/#website","url":"https:\/\/somafel.com\/fr\/","name":"SOMAFEL","description":"Railway Works Experts","potentialAction":[{"@type":"SearchAction","target":{"@type":"EntryPoint","urlTemplate":"https:\/\/somafel.com\/fr\/?s={search_term_string}"},"query-input":{"@type":"PropertyValueSpecification","valueRequired":true,"valueName":"search_term_string"}}],"inLanguage":"fr-FR"}]}},"uagb_featured_image_src":{"full":["https:\/\/somafel.com\/wp-content\/uploads\/2020\/07\/linha-do-leste-play-1.jpg",1920,500,false],"thumbnail":["https:\/\/somafel.com\/wp-content\/uploads\/2020\/07\/linha-do-leste-play-1-150x150.jpg",150,150,true],"medium":["https:\/\/somafel.com\/wp-content\/uploads\/2020\/07\/linha-do-leste-play-1-300x78.jpg",300,78,true],"medium_large":["https:\/\/somafel.com\/wp-content\/uploads\/2020\/07\/linha-do-leste-play-1-768x200.jpg",768,200,true],"large":["https:\/\/somafel.com\/wp-content\/uploads\/2020\/07\/linha-do-leste-play-1-1024x267.jpg",1024,267,true],"1536x1536":["https:\/\/somafel.com\/wp-content\/uploads\/2020\/07\/linha-do-leste-play-1.jpg",1536,400,false],"2048x2048":["https:\/\/somafel.com\/wp-content\/uploads\/2020\/07\/linha-do-leste-play-1.jpg",1920,500,false],"custom-size":["https:\/\/somafel.com\/wp-content\/uploads\/2020\/07\/linha-do-leste-play-1-390x260.jpg",390,260,true]},"uagb_author_info":{"display_name":"Marketing Teixeira Duarte","author_link":"https:\/\/somafel.com\/fr\/author\/"},"uagb_comment_info":0,"uagb_excerpt":"D\u00e9tails du projet D\u00e9but des travaux 2018 Client Infraestruturas de Portugal, S.A. Pays Portugal Lieu Elvas Description Un ouvrage int\u00e9gr\u00e9 au plan de renouvellement du Corridor International Sud, qui visait \u00e0 renforcer la connexion ferroviaire des ports et des zones industrielles et urbaines situ\u00e9es dans le sud du Portugal vers l&rsquo;Espagne et le reste de\u2026","_links":{"self":[{"href":"https:\/\/somafel.com\/fr\/wp-json\/wp\/v2\/projetos\/3867","targetHints":{"allow":["GET"]}}],"collection":[{"href":"https:\/\/somafel.com\/fr\/wp-json\/wp\/v2\/projetos"}],"about":[{"href":"https:\/\/somafel.com\/fr\/wp-json\/wp\/v2\/types\/projetos"}],"wp:featuredmedia":[{"embeddable":true,"href":"https:\/\/somafel.com\/fr\/wp-json\/wp\/v2\/media\/3906"}],"wp:attachment":[{"href":"https:\/\/somafel.com\/fr\/wp-json\/wp\/v2\/media?parent=3867"}],"curies":[{"name":"wp","href":"https:\/\/api.w.org\/{rel}","templated":true}]}}

<iframe loading="lazy" src="https://www.youtube.com/embed/ipoUANgXzQI" allow="accelerometer; autoplay; encrypted-media; gyroscope; picture-in-picture" allowfullscreen="" width="100%" height="540" frameborder="0"></iframe>

<p></p>

<h3 class="wp-block-heading">Détails du projet</h3>

<p></p>

<table class="wp-block-table"><tbody><tr><td>Début des travaux</td><td>2018</td></tr><tr><td>Client</td><td>Infraestruturas de Portugal, S.A.</td></tr><tr><td>Pays</td><td>Portugal</td></tr><tr><td>Lieu</td><td>Elvas</td></tr></tbody></table>

<p></p>

<h3 class="wp-block-heading">Description</h3>

<p></p>

<p>Un ouvrage intégré au plan de renouvellement du Corridor International Sud, qui visait à renforcer la connexion ferroviaire des ports et des zones industrielles et urbaines situées dans le sud du Portugal vers l&rsquo;Espagne et le reste de l&rsquo;Europe.</p>

<p>SOMAFEL est intervenu dans le renouvellement intégral de la voie sur un tronçon de 9 km, en pleine voie. Ses travaux comprenaient la dépose des voies existantes, la pose de voie nouvelle sur traverse monobloc et rail 60E1, le ballastage, bourrage mécanique lourde, stabilisation de la voie, soudage aluminothermique, et le meulage préventif.</p>

<p>A effectué également l&rsquo;élargissement de la gare d&rsquo;Elvas, sur un total de 6 km, permettant désormais le franchissement de trains de 750 mètres.</p>

<p></p>

<!-- This site is optimized with the Yoast SEO plugin v26.8 - https://yoast.com/product/yoast-seo-wordpress/ -->
<title>Modernisation de la Ligne Leste - Section Elvas/Fronteira - SOMAFEL</title>
<meta name="robots" content="index, follow, max-snippet:-1, max-image-preview:large, max-video-preview:-1" />
<link rel="canonical" href="https://somafel.com/fr/projetos/modernisation-de-la-ligne-leste-section-elvas-fronteira/" />
<meta property="og:locale" content="fr_FR" />
<meta property="og:type" content="article" />
<meta property="og:title" content="Modernisation de la Ligne Leste - Section Elvas/Fronteira - SOMAFEL" />
<meta property="og:description" content="Détails du projet Début des travaux 2018 Client Infraestruturas de Portugal, S.A. Pays Portugal Lieu Elvas Description Un ouvrage intégré au plan de renouvellement du Corridor International Sud, qui visait à renforcer la connexion ferroviaire des ports et des zones industrielles et urbaines situées dans le sud du Portugal vers l&rsquo;Espagne et le reste de [&hellip;]" />
<meta property="og:url" content="https://somafel.com/fr/projetos/modernisation-de-la-ligne-leste-section-elvas-fronteira/" />
<meta property="og:site_name" content="SOMAFEL" />
<meta property="article:modified_time" content="2022-07-04T08:02:16+00:00" />
<meta property="og:image" content="https://somafel.com/wp-content/uploads/2020/07/linha-do-leste-play-1.jpg" />
	<meta property="og:image:width" content="1920" />
	<meta property="og:image:height" content="500" />
	<meta property="og:image:type" content="image/jpeg" />
<meta name="twitter:card" content="summary_large_image" />
<meta name="twitter:label1" content="Durée de lecture estimée" />
	<meta name="twitter:data1" content="1 minute" />
<script type="application/ld+json" class="yoast-schema-graph">{"@context":"https://schema.org","@graph":[{"@type":"WebPage","@id":"https://somafel.com/fr/projetos/modernisation-de-la-ligne-leste-section-elvas-fronteira/","url":"https://somafel.com/fr/projetos/modernisation-de-la-ligne-leste-section-elvas-fronteira/","name":"Modernisation de la Ligne Leste - Section Elvas/Fronteira - SOMAFEL","isPartOf":{"@id":"https://somafel.com/fr/#website"},"primaryImageOfPage":{"@id":"https://somafel.com/fr/projetos/modernisation-de-la-ligne-leste-section-elvas-fronteira/#primaryimage"},"image":{"@id":"https://somafel.com/fr/projetos/modernisation-de-la-ligne-leste-section-elvas-fronteira/#primaryimage"},"thumbnailUrl":"https://somafel.com/wp-content/uploads/2020/07/linha-do-leste-play-1.jpg","datePublished":"2022-07-04T07:57:41+00:00","dateModified":"2022-07-04T08:02:16+00:00","breadcrumb":{"@id":"https://somafel.com/fr/projetos/modernisation-de-la-ligne-leste-section-elvas-fronteira/#breadcrumb"},"inLanguage":"fr-FR","potentialAction":[{"@type":"ReadAction","target":["https://somafel.com/fr/projetos/modernisation-de-la-ligne-leste-section-elvas-fronteira/"]}]},{"@type":"ImageObject","inLanguage":"fr-FR","@id":"https://somafel.com/fr/projetos/modernisation-de-la-ligne-leste-section-elvas-fronteira/#primaryimage","url":"https://somafel.com/wp-content/uploads/2020/07/linha-do-leste-play-1.jpg","contentUrl":"https://somafel.com/wp-content/uploads/2020/07/linha-do-leste-play-1.jpg","width":1920,"height":500},{"@type":"BreadcrumbList","@id":"https://somafel.com/fr/projetos/modernisation-de-la-ligne-leste-section-elvas-fronteira/#breadcrumb","itemListElement":[{"@type":"ListItem","position":1,"name":"Início","item":"https://somafel.com/fr/"},{"@type":"ListItem","position":2,"name":"Projetos","item":"https://somafel.com/fr/projetos/"},{"@type":"ListItem","position":3,"name":"Modernisation de la Ligne Leste &#8211; Section Elvas/Fronteira"}]},{"@type":"WebSite","@id":"https://somafel.com/fr/#website","url":"https://somafel.com/fr/","name":"SOMAFEL","description":"Railway Works Experts","potentialAction":[{"@type":"SearchAction","target":{"@type":"EntryPoint","urlTemplate":"https://somafel.com/fr/?s={search_term_string}"},"query-input":{"@type":"PropertyValueSpecification","valueRequired":true,"valueName":"search_term_string"}}],"inLanguage":"fr-FR"}]}</script>
<!-- / Yoast SEO plugin. -->

Détails du projet Début des travaux 2018 Client Infraestruturas de Portugal, S.A. Pays Portugal Lieu Elvas Description Un ouvrage intégré au plan de renouvellement du Corridor International Sud, qui visait à renforcer la connexion ferroviaire des ports et des zones industrielles et urbaines situées dans le sud du Portugal vers l&rsquo;Espagne et le reste de [&hellip;]

Início

Détails du projet Début des travaux 2018 Client Infraestruturas de Portugal, S.A. Pays Portugal Lieu Elvas Description Un ouvrage intégré au plan de renouvellement du Corridor International Sud, qui visait à renforcer la connexion ferroviaire des ports et des zones industrielles et urbaines situées dans le sud du Portugal vers l&rsquo;Espagne et le reste de…
