
{"id":3868,"date":"2022-07-04T07:57:54","date_gmt":"2022-07-04T07:57:54","guid":{"rendered":"https:\/\/somafel.com\/?post_type=projetos&#038;p=3868"},"modified":"2022-07-04T08:02:31","modified_gmt":"2022-07-04T08:02:31","slug":"modernizacao-da-linha-do-leste-troco-elvas-fonteira","status":"publish","type":"projetos","link":"https:\/\/somafel.com\/pt-br\/projetos\/modernizacao-da-linha-do-leste-troco-elvas-fonteira\/","title":{"rendered":"Moderniza\u00e7\u00e3o da Linha do Leste &#8211; Tro\u00e7o Elvas\/Fonteira"},"content":{"rendered":"\n<iframe loading=\"lazy\" src=\"https:\/\/www.youtube.com\/embed\/totB90JWrag\" allow=\"accelerometer; autoplay; encrypted-media; gyroscope; picture-in-picture\" allowfullscreen=\"\" width=\"100%\" height=\"540\" frameborder=\"0\"><\/iframe>\r\n\n<p><\/p>\n\n<h3 class=\"wp-block-heading\">Detalhes do Projeto<\/h3>\n\n<p><\/p>\n\n<table class=\"wp-block-table\"><tbody><tr><td>Data de inicio\u00a0<\/td><td>2018<\/td><\/tr><tr><td>Cliente\u00a0<\/td><td>Infraestruturas de Portugal, S.A.<\/td><\/tr><tr><td>Pa\u00eds\u00a0<\/td><td>Portugal<\/td><\/tr><tr><td>Local\u00a0<\/td><td>Elvas<\/td><\/tr><\/tbody><\/table>\n\n<p><\/p>\n\n<h3 class=\"wp-block-heading\">Descri\u00e7\u00e3o<\/h3>\n\n<p><\/p>\n\n<p>Uma obra integrada no plano de renova\u00e7\u00e3o do Corredor Internacional Sul, que visou refor\u00e7ar a conex\u00e3o ferrovi\u00e1ria dos portos e das zonas industriais e urbanas localizadas no sul de Portugal a Espanha e ao resto da Europa.<\/p>\n\n<p>A SOMAFEL interveio na renova\u00e7\u00e3o integral da via numa extens\u00e3o de 9km, em plena via, os seus trabalhos inclu\u00edram o levantamento de via existente, o assentamento de via em travessa monobloco e carril 60E1, balastragem, ataque mec\u00e2nico pesado, estabiliza\u00e7\u00e3o da via, soldaduras aluminot\u00e9rmicas, e esmerilagem preventiva.<\/p>\n\n<p>Executou tamb\u00e9m a amplia\u00e7\u00e3o da esta\u00e7\u00e3o de elvas num total de 6 km, permitindo o cruzamento de comboios com 750 metros.<\/p>\n\n<p><\/p>\n","protected":false},"featured_media":3907,"template":"","class_list":["post-3868","projetos","type-projetos","status-publish","has-post-thumbnail","hentry"],"acf":[],"yoast_head":"<!-- This site is optimized with the Yoast SEO plugin v26.8 - https:\/\/yoast.com\/product\/yoast-seo-wordpress\/ -->\n<title>Moderniza\u00e7\u00e3o da Linha do Leste - Tro\u00e7o Elvas\/Fonteira - SOMAFEL<\/title>\n<meta name=\"robots\" content=\"index, follow, max-snippet:-1, max-image-preview:large, max-video-preview:-1\" \/>\n<link rel=\"canonical\" href=\"https:\/\/somafel.com\/pt-br\/projetos\/modernizacao-da-linha-do-leste-troco-elvas-fonteira\/\" \/>\n<meta property=\"og:locale\" content=\"pt_BR\" \/>\n<meta property=\"og:type\" content=\"article\" \/>\n<meta property=\"og:title\" content=\"Moderniza\u00e7\u00e3o da Linha do Leste - Tro\u00e7o Elvas\/Fonteira - SOMAFEL\" \/>\n<meta property=\"og:description\" content=\"Detalhes do Projeto Data de inicio\u00a0 2018 Cliente\u00a0 Infraestruturas de Portugal, S.A. Pa\u00eds\u00a0 Portugal Local\u00a0 Elvas Descri\u00e7\u00e3o Uma obra integrada no plano de renova\u00e7\u00e3o do Corredor Internacional Sul, que visou refor\u00e7ar a conex\u00e3o ferrovi\u00e1ria dos portos e das zonas industriais e urbanas localizadas no sul de Portugal a Espanha e ao resto da Europa. A [&hellip;]\" \/>\n<meta property=\"og:url\" content=\"https:\/\/somafel.com\/pt-br\/projetos\/modernizacao-da-linha-do-leste-troco-elvas-fonteira\/\" \/>\n<meta property=\"og:site_name\" content=\"SOMAFEL\" \/>\n<meta property=\"article:modified_time\" content=\"2022-07-04T08:02:31+00:00\" \/>\n<meta property=\"og:image\" content=\"https:\/\/somafel.com\/wp-content\/uploads\/2020\/07\/linha-do-leste-play-1.jpg\" \/>\n\t<meta property=\"og:image:width\" content=\"1920\" \/>\n\t<meta property=\"og:image:height\" content=\"500\" \/>\n\t<meta property=\"og:image:type\" content=\"image\/jpeg\" \/>\n<meta name=\"twitter:card\" content=\"summary_large_image\" \/>\n<meta name=\"twitter:label1\" content=\"Est. tempo de leitura\" \/>\n\t<meta name=\"twitter:data1\" content=\"1 minuto\" \/>\n<script type=\"application\/ld+json\" class=\"yoast-schema-graph\">{\"@context\":\"https:\/\/schema.org\",\"@graph\":[{\"@type\":\"WebPage\",\"@id\":\"https:\/\/somafel.com\/pt-br\/projetos\/modernizacao-da-linha-do-leste-troco-elvas-fonteira\/\",\"url\":\"https:\/\/somafel.com\/pt-br\/projetos\/modernizacao-da-linha-do-leste-troco-elvas-fonteira\/\",\"name\":\"Moderniza\u00e7\u00e3o da Linha do Leste - Tro\u00e7o Elvas\/Fonteira - SOMAFEL\",\"isPartOf\":{\"@id\":\"https:\/\/somafel.com\/pt-br\/#website\"},\"primaryImageOfPage\":{\"@id\":\"https:\/\/somafel.com\/pt-br\/projetos\/modernizacao-da-linha-do-leste-troco-elvas-fonteira\/#primaryimage\"},\"image\":{\"@id\":\"https:\/\/somafel.com\/pt-br\/projetos\/modernizacao-da-linha-do-leste-troco-elvas-fonteira\/#primaryimage\"},\"thumbnailUrl\":\"https:\/\/somafel.com\/wp-content\/uploads\/2020\/07\/linha-do-leste-play-1.jpg\",\"datePublished\":\"2022-07-04T07:57:54+00:00\",\"dateModified\":\"2022-07-04T08:02:31+00:00\",\"breadcrumb\":{\"@id\":\"https:\/\/somafel.com\/pt-br\/projetos\/modernizacao-da-linha-do-leste-troco-elvas-fonteira\/#breadcrumb\"},\"inLanguage\":\"pt-BR\",\"potentialAction\":[{\"@type\":\"ReadAction\",\"target\":[\"https:\/\/somafel.com\/pt-br\/projetos\/modernizacao-da-linha-do-leste-troco-elvas-fonteira\/\"]}]},{\"@type\":\"ImageObject\",\"inLanguage\":\"pt-BR\",\"@id\":\"https:\/\/somafel.com\/pt-br\/projetos\/modernizacao-da-linha-do-leste-troco-elvas-fonteira\/#primaryimage\",\"url\":\"https:\/\/somafel.com\/wp-content\/uploads\/2020\/07\/linha-do-leste-play-1.jpg\",\"contentUrl\":\"https:\/\/somafel.com\/wp-content\/uploads\/2020\/07\/linha-do-leste-play-1.jpg\",\"width\":1920,\"height\":500},{\"@type\":\"BreadcrumbList\",\"@id\":\"https:\/\/somafel.com\/pt-br\/projetos\/modernizacao-da-linha-do-leste-troco-elvas-fonteira\/#breadcrumb\",\"itemListElement\":[{\"@type\":\"ListItem\",\"position\":1,\"name\":\"In\u00edcio\",\"item\":\"https:\/\/somafel.com\/pt-br\/\"},{\"@type\":\"ListItem\",\"position\":2,\"name\":\"Projetos\",\"item\":\"https:\/\/somafel.com\/pt-br\/projetos\/\"},{\"@type\":\"ListItem\",\"position\":3,\"name\":\"Moderniza\u00e7\u00e3o da Linha do Leste &#8211; Tro\u00e7o Elvas\/Fonteira\"}]},{\"@type\":\"WebSite\",\"@id\":\"https:\/\/somafel.com\/pt-br\/#website\",\"url\":\"https:\/\/somafel.com\/pt-br\/\",\"name\":\"SOMAFEL\",\"description\":\"Railway Works Experts\",\"potentialAction\":[{\"@type\":\"SearchAction\",\"target\":{\"@type\":\"EntryPoint\",\"urlTemplate\":\"https:\/\/somafel.com\/pt-br\/?s={search_term_string}\"},\"query-input\":{\"@type\":\"PropertyValueSpecification\",\"valueRequired\":true,\"valueName\":\"search_term_string\"}}],\"inLanguage\":\"pt-BR\"}]}<\/script>\n<!-- \/ Yoast SEO plugin. -->","yoast_head_json":{"title":"Moderniza\u00e7\u00e3o da Linha do Leste - Tro\u00e7o Elvas\/Fonteira - SOMAFEL","robots":{"index":"index","follow":"follow","max-snippet":"max-snippet:-1","max-image-preview":"max-image-preview:large","max-video-preview":"max-video-preview:-1"},"canonical":"https:\/\/somafel.com\/pt-br\/projetos\/modernizacao-da-linha-do-leste-troco-elvas-fonteira\/","og_locale":"pt_BR","og_type":"article","og_title":"Moderniza\u00e7\u00e3o da Linha do Leste - Tro\u00e7o Elvas\/Fonteira - SOMAFEL","og_description":"Detalhes do Projeto Data de inicio\u00a0 2018 Cliente\u00a0 Infraestruturas de Portugal, S.A. Pa\u00eds\u00a0 Portugal Local\u00a0 Elvas Descri\u00e7\u00e3o Uma obra integrada no plano de renova\u00e7\u00e3o do Corredor Internacional Sul, que visou refor\u00e7ar a conex\u00e3o ferrovi\u00e1ria dos portos e das zonas industriais e urbanas localizadas no sul de Portugal a Espanha e ao resto da Europa. A [&hellip;]","og_url":"https:\/\/somafel.com\/pt-br\/projetos\/modernizacao-da-linha-do-leste-troco-elvas-fonteira\/","og_site_name":"SOMAFEL","article_modified_time":"2022-07-04T08:02:31+00:00","og_image":[{"width":1920,"height":500,"url":"https:\/\/somafel.com\/wp-content\/uploads\/2020\/07\/linha-do-leste-play-1.jpg","type":"image\/jpeg"}],"twitter_card":"summary_large_image","twitter_misc":{"Est. tempo de leitura":"1 minuto"},"schema":{"@context":"https:\/\/schema.org","@graph":[{"@type":"WebPage","@id":"https:\/\/somafel.com\/pt-br\/projetos\/modernizacao-da-linha-do-leste-troco-elvas-fonteira\/","url":"https:\/\/somafel.com\/pt-br\/projetos\/modernizacao-da-linha-do-leste-troco-elvas-fonteira\/","name":"Moderniza\u00e7\u00e3o da Linha do Leste - Tro\u00e7o Elvas\/Fonteira - SOMAFEL","isPartOf":{"@id":"https:\/\/somafel.com\/pt-br\/#website"},"primaryImageOfPage":{"@id":"https:\/\/somafel.com\/pt-br\/projetos\/modernizacao-da-linha-do-leste-troco-elvas-fonteira\/#primaryimage"},"image":{"@id":"https:\/\/somafel.com\/pt-br\/projetos\/modernizacao-da-linha-do-leste-troco-elvas-fonteira\/#primaryimage"},"thumbnailUrl":"https:\/\/somafel.com\/wp-content\/uploads\/2020\/07\/linha-do-leste-play-1.jpg","datePublished":"2022-07-04T07:57:54+00:00","dateModified":"2022-07-04T08:02:31+00:00","breadcrumb":{"@id":"https:\/\/somafel.com\/pt-br\/projetos\/modernizacao-da-linha-do-leste-troco-elvas-fonteira\/#breadcrumb"},"inLanguage":"pt-BR","potentialAction":[{"@type":"ReadAction","target":["https:\/\/somafel.com\/pt-br\/projetos\/modernizacao-da-linha-do-leste-troco-elvas-fonteira\/"]}]},{"@type":"ImageObject","inLanguage":"pt-BR","@id":"https:\/\/somafel.com\/pt-br\/projetos\/modernizacao-da-linha-do-leste-troco-elvas-fonteira\/#primaryimage","url":"https:\/\/somafel.com\/wp-content\/uploads\/2020\/07\/linha-do-leste-play-1.jpg","contentUrl":"https:\/\/somafel.com\/wp-content\/uploads\/2020\/07\/linha-do-leste-play-1.jpg","width":1920,"height":500},{"@type":"BreadcrumbList","@id":"https:\/\/somafel.com\/pt-br\/projetos\/modernizacao-da-linha-do-leste-troco-elvas-fonteira\/#breadcrumb","itemListElement":[{"@type":"ListItem","position":1,"name":"In\u00edcio","item":"https:\/\/somafel.com\/pt-br\/"},{"@type":"ListItem","position":2,"name":"Projetos","item":"https:\/\/somafel.com\/pt-br\/projetos\/"},{"@type":"ListItem","position":3,"name":"Moderniza\u00e7\u00e3o da Linha do Leste &#8211; Tro\u00e7o Elvas\/Fonteira"}]},{"@type":"WebSite","@id":"https:\/\/somafel.com\/pt-br\/#website","url":"https:\/\/somafel.com\/pt-br\/","name":"SOMAFEL","description":"Railway Works Experts","potentialAction":[{"@type":"SearchAction","target":{"@type":"EntryPoint","urlTemplate":"https:\/\/somafel.com\/pt-br\/?s={search_term_string}"},"query-input":{"@type":"PropertyValueSpecification","valueRequired":true,"valueName":"search_term_string"}}],"inLanguage":"pt-BR"}]}},"uagb_featured_image_src":{"full":["https:\/\/somafel.com\/wp-content\/uploads\/2020\/07\/linha-do-leste-play-1.jpg",1920,500,false],"thumbnail":["https:\/\/somafel.com\/wp-content\/uploads\/2020\/07\/linha-do-leste-play-1-150x150.jpg",150,150,true],"medium":["https:\/\/somafel.com\/wp-content\/uploads\/2020\/07\/linha-do-leste-play-1-300x78.jpg",300,78,true],"medium_large":["https:\/\/somafel.com\/wp-content\/uploads\/2020\/07\/linha-do-leste-play-1-768x200.jpg",768,200,true],"large":["https:\/\/somafel.com\/wp-content\/uploads\/2020\/07\/linha-do-leste-play-1-1024x267.jpg",1024,267,true],"1536x1536":["https:\/\/somafel.com\/wp-content\/uploads\/2020\/07\/linha-do-leste-play-1.jpg",1536,400,false],"2048x2048":["https:\/\/somafel.com\/wp-content\/uploads\/2020\/07\/linha-do-leste-play-1.jpg",1920,500,false],"custom-size":["https:\/\/somafel.com\/wp-content\/uploads\/2020\/07\/linha-do-leste-play-1-390x260.jpg",390,260,true]},"uagb_author_info":{"display_name":"Marketing Teixeira Duarte","author_link":"https:\/\/somafel.com\/pt-br\/author\/"},"uagb_comment_info":0,"uagb_excerpt":"Detalhes do Projeto Data de inicio\u00a0 2018 Cliente\u00a0 Infraestruturas de Portugal, S.A. Pa\u00eds\u00a0 Portugal Local\u00a0 Elvas Descri\u00e7\u00e3o Uma obra integrada no plano de renova\u00e7\u00e3o do Corredor Internacional Sul, que visou refor\u00e7ar a conex\u00e3o ferrovi\u00e1ria dos portos e das zonas industriais e urbanas localizadas no sul de Portugal a Espanha e ao resto da Europa. A&hellip;","_links":{"self":[{"href":"https:\/\/somafel.com\/pt-br\/wp-json\/wp\/v2\/projetos\/3868","targetHints":{"allow":["GET"]}}],"collection":[{"href":"https:\/\/somafel.com\/pt-br\/wp-json\/wp\/v2\/projetos"}],"about":[{"href":"https:\/\/somafel.com\/pt-br\/wp-json\/wp\/v2\/types\/projetos"}],"wp:featuredmedia":[{"embeddable":true,"href":"https:\/\/somafel.com\/pt-br\/wp-json\/wp\/v2\/media\/3907"}],"wp:attachment":[{"href":"https:\/\/somafel.com\/pt-br\/wp-json\/wp\/v2\/media?parent=3868"}],"curies":[{"name":"wp","href":"https:\/\/api.w.org\/{rel}","templated":true}]}}

Modernização da Linha do Leste &#8211; Troço Elvas/Fonteira

<iframe loading="lazy" src="https://www.youtube.com/embed/totB90JWrag" allow="accelerometer; autoplay; encrypted-media; gyroscope; picture-in-picture" allowfullscreen="" width="100%" height="540" frameborder="0"></iframe>

<p></p>

<h3 class="wp-block-heading">Detalhes do Projeto</h3>

<p></p>

<table class="wp-block-table"><tbody><tr><td>Data de inicio </td><td>2018</td></tr><tr><td>Cliente </td><td>Infraestruturas de Portugal, S.A.</td></tr><tr><td>País </td><td>Portugal</td></tr><tr><td>Local </td><td>Elvas</td></tr></tbody></table>

<p></p>

<h3 class="wp-block-heading">Descrição</h3>

<p></p>

<p>Uma obra integrada no plano de renovação do Corredor Internacional Sul, que visou reforçar a conexão ferroviária dos portos e das zonas industriais e urbanas localizadas no sul de Portugal a Espanha e ao resto da Europa.</p>

<p>A SOMAFEL interveio na renovação integral da via numa extensão de 9km, em plena via, os seus trabalhos incluíram o levantamento de via existente, o assentamento de via em travessa monobloco e carril 60E1, balastragem, ataque mecânico pesado, estabilização da via, soldaduras aluminotérmicas, e esmerilagem preventiva.</p>

<p>Executou também a ampliação da estação de elvas num total de 6 km, permitindo o cruzamento de comboios com 750 metros.</p>

<p></p>

<!-- This site is optimized with the Yoast SEO plugin v26.8 - https://yoast.com/product/yoast-seo-wordpress/ -->
<title>Modernização da Linha do Leste - Troço Elvas/Fonteira - SOMAFEL</title>
<meta name="robots" content="index, follow, max-snippet:-1, max-image-preview:large, max-video-preview:-1" />
<link rel="canonical" href="https://somafel.com/pt-br/projetos/modernizacao-da-linha-do-leste-troco-elvas-fonteira/" />
<meta property="og:locale" content="pt_BR" />
<meta property="og:type" content="article" />
<meta property="og:title" content="Modernização da Linha do Leste - Troço Elvas/Fonteira - SOMAFEL" />
<meta property="og:description" content="Detalhes do Projeto Data de inicio  2018 Cliente  Infraestruturas de Portugal, S.A. País  Portugal Local  Elvas Descrição Uma obra integrada no plano de renovação do Corredor Internacional Sul, que visou reforçar a conexão ferroviária dos portos e das zonas industriais e urbanas localizadas no sul de Portugal a Espanha e ao resto da Europa. A [&hellip;]" />
<meta property="og:url" content="https://somafel.com/pt-br/projetos/modernizacao-da-linha-do-leste-troco-elvas-fonteira/" />
<meta property="og:site_name" content="SOMAFEL" />
<meta property="article:modified_time" content="2022-07-04T08:02:31+00:00" />
<meta property="og:image" content="https://somafel.com/wp-content/uploads/2020/07/linha-do-leste-play-1.jpg" />
	<meta property="og:image:width" content="1920" />
	<meta property="og:image:height" content="500" />
	<meta property="og:image:type" content="image/jpeg" />
<meta name="twitter:card" content="summary_large_image" />
<meta name="twitter:label1" content="Est. tempo de leitura" />
	<meta name="twitter:data1" content="1 minuto" />
<script type="application/ld+json" class="yoast-schema-graph">{"@context":"https://schema.org","@graph":[{"@type":"WebPage","@id":"https://somafel.com/pt-br/projetos/modernizacao-da-linha-do-leste-troco-elvas-fonteira/","url":"https://somafel.com/pt-br/projetos/modernizacao-da-linha-do-leste-troco-elvas-fonteira/","name":"Modernização da Linha do Leste - Troço Elvas/Fonteira - SOMAFEL","isPartOf":{"@id":"https://somafel.com/pt-br/#website"},"primaryImageOfPage":{"@id":"https://somafel.com/pt-br/projetos/modernizacao-da-linha-do-leste-troco-elvas-fonteira/#primaryimage"},"image":{"@id":"https://somafel.com/pt-br/projetos/modernizacao-da-linha-do-leste-troco-elvas-fonteira/#primaryimage"},"thumbnailUrl":"https://somafel.com/wp-content/uploads/2020/07/linha-do-leste-play-1.jpg","datePublished":"2022-07-04T07:57:54+00:00","dateModified":"2022-07-04T08:02:31+00:00","breadcrumb":{"@id":"https://somafel.com/pt-br/projetos/modernizacao-da-linha-do-leste-troco-elvas-fonteira/#breadcrumb"},"inLanguage":"pt-BR","potentialAction":[{"@type":"ReadAction","target":["https://somafel.com/pt-br/projetos/modernizacao-da-linha-do-leste-troco-elvas-fonteira/"]}]},{"@type":"ImageObject","inLanguage":"pt-BR","@id":"https://somafel.com/pt-br/projetos/modernizacao-da-linha-do-leste-troco-elvas-fonteira/#primaryimage","url":"https://somafel.com/wp-content/uploads/2020/07/linha-do-leste-play-1.jpg","contentUrl":"https://somafel.com/wp-content/uploads/2020/07/linha-do-leste-play-1.jpg","width":1920,"height":500},{"@type":"BreadcrumbList","@id":"https://somafel.com/pt-br/projetos/modernizacao-da-linha-do-leste-troco-elvas-fonteira/#breadcrumb","itemListElement":[{"@type":"ListItem","position":1,"name":"Início","item":"https://somafel.com/pt-br/"},{"@type":"ListItem","position":2,"name":"Projetos","item":"https://somafel.com/pt-br/projetos/"},{"@type":"ListItem","position":3,"name":"Modernização da Linha do Leste &#8211; Troço Elvas/Fonteira"}]},{"@type":"WebSite","@id":"https://somafel.com/pt-br/#website","url":"https://somafel.com/pt-br/","name":"SOMAFEL","description":"Railway Works Experts","potentialAction":[{"@type":"SearchAction","target":{"@type":"EntryPoint","urlTemplate":"https://somafel.com/pt-br/?s={search_term_string}"},"query-input":{"@type":"PropertyValueSpecification","valueRequired":true,"valueName":"search_term_string"}}],"inLanguage":"pt-BR"}]}</script>
<!-- / Yoast SEO plugin. -->

Modernização da Linha do Leste - Troço Elvas/Fonteira - SOMAFEL

Detalhes do Projeto Data de inicio  2018 Cliente  Infraestruturas de Portugal, S.A. País  Portugal Local  Elvas Descrição Uma obra integrada no plano de renovação do Corredor Internacional Sul, que visou reforçar a conexão ferroviária dos portos e das zonas industriais e urbanas localizadas no sul de Portugal a Espanha e ao resto da Europa. A [&hellip;]

Início

Detalhes do Projeto Data de inicio  2018 Cliente  Infraestruturas de Portugal, S.A. País  Portugal Local  Elvas Descrição Uma obra integrada no plano de renovação do Corredor Internacional Sul, que visou reforçar a conexão ferroviária dos portos e das zonas industriais e urbanas localizadas no sul de Portugal a Espanha e ao resto da Europa. A&hellip;
